?
1
Let r = -22 - -40. What is the greatest common divisor of r and 9?
9
Let f(n) = n - 3. Let u be f(6). Let k be 1/u - (-168)/9. What is the greatest common factor of k and 38?
19
Let o(l) = 27*l + 6. Let r be o(-7). Let j = -87 - r. Suppose j = 2*c - 174. What is the highest common divisor of 15 and c?
15
Let z = 63 - 33. Suppose 3*v - 36 + 148 = -4*r, -5*r + 76 = -3*v. Let i = -17 - v. What is the highest common factor of i and z?
15
Let j be 1/(2/40*-2). Let l = j - -19. Calculate the greatest common divisor of 18 and l.
9
Let u(c) = -3*c**3 - 6*c**2 + 7*c + 3. Let a be u(-5). Let o = -116 + a. Calculate the highest common factor of o and 11.
11
Suppose -y = -2 - 1. Suppose -y*m = -0*m - 84. Calculate the greatest common factor of 14 and m.
14
Suppose 5*f = 8*f - 45. What is the highest common factor of 10 and f?
5
Let g = 15 - -5. Let i = -5 + 25. Calculate the highest common factor of g and i.
20
Let z = -11 + 8. Let x be (1 - -2)/z - -73. Suppose -x = 3*w - 4*w. What is the highest common divisor of w and 9?
9
Let t(s) = -10*s - 54. Let h be t(-7). What is the highest common divisor of h and 16?
16
Suppose -p + 26 = 3*a + 2*a, 58 = 2*p + 4*a. Let i(t) = -t**2 - 7*t + 4. Let n be i(-8). Let f = p + n. What is the greatest common factor of f and 9?
9
Suppose 0*h - 37 = -h. Let v = h + -26. Let a = 71 + 28. What is the greatest common divisor of a and v?
11
Suppose 44 = 3*h + 5*d, 2*h - 27 = 5*d + 19. Calculate the highest common factor of h and 45.
9
Suppose 56 - 8 = 4*x. Let i = x - -4. Calculate the greatest common factor of 128 and i.
16
Let o(h) = -h**2 - 7*h + 3. Let l be o(-7). Let d be -3 + l - (-1 + -1). What is the greatest common factor of 2 and d?
2
Suppose -s = 4, 4*s = 2*h - s - 20. Suppose -3*g = -h*g - 189. Suppose -5*i + 7 + 28 = 0. Calculate the highest common factor of i and g.
7
Let p(c) = c**3 + 16*c**2 + 13*c - 12. Let l be p(-15). Let i be l - (0 - 1) - -2. What is the greatest common divisor of 84 and i?
21
Suppose -3*n = -2*d - 35, -n + 2*n = -d + 5. Let w be 3/(n/(-15))*-6. Let p(i) = 2*i**2 + 5*i. Let l be p(5). Calculate the greatest common factor of l and w.
15
Let f = 1 + 2. Let o be ((-189)/6)/f*-2. What is the greatest common divisor of 3 and o?
3
Suppose 8*x - 65 = 3*x. Let n = x + -11. What is the highest common factor of 8 and n?
2
Suppose -4 - 11 = -5*d. Suppose -45 = -0*v - 3*v. Calculate the highest common divisor of d and v.
3
Suppose -4*v - 3*l = 0, -2*v - 5*l + 10 - 24 = 0. Let u be -1 - -1 - (v - 129). What is the highest common factor of 18 and u?
18
Let r = 20 - 4. Let t = -30 - -35. Suppose 5*u - 85 = -w + 4, 5*w + t*u - 345 = 0. What is the highest common divisor of r and w?
16
Let l(z) = -z**3 - 5*z**2 - 5*z - 1. Let a be l(-4). Suppose -13 = -a*t + 35. What is the highest common divisor of 4 and t?
4
Suppose 51 = 5*x - 2*p, 6*p - p + 1 = x. What is the greatest common divisor of x and 121?
11
Let k(g) = -g**2 + 18*g - 29. Let j be k(16). Calculate the highest common factor of j and 21.
3
Let s be 27/(-12)*(-8)/(-3). Let u be 21 + (-2)/((-4)/s). Calculate the highest common factor of 126 and u.
18
Suppose -12 - 66 = -3*l. What is the highest common factor of 104 and l?
26
Suppose -16 = -0*x - 4*x. Suppose 4*f + 2*a - 78 = 0, 4*a - a = -3*f + 57. What is the highest common divisor of x and f?
4
Suppose -d + 10 + 4 = 0. Calculate the highest common factor of 70 and d.
14
Suppose u - 3 = -4*w + 6, 4*w - 13 = -5*u. What is the highest common divisor of w and 18?
2
Let i = -25 - -42. Let r = 96 - -23. Calculate the greatest common divisor of r and i.
17
Let z be 21 - 0/(-6 - -3). What is the greatest common divisor of 3 and z?
3
Let x = 0 - -17. Let a = x + 3. Let b be 2464/49 + 2/(-7). Calculate the highest common divisor of a and b.
10
Suppose -2*j - 36 = -3*q, 4*j = -6*q + 3*q + 18. What is the greatest common divisor of 70 and q?
10
Let t = 12 - 9. Let n be 20/(-15)*-2*t. Let a be 71/3 + 1/3. What is the highest common factor of n and a?
8
Let j(t) = -t**2 + 11*t - 2. Let n be j(10). Let r = 174 - 102. What is the highest common factor of r and n?
8
Let q = -19 - -30. Calculate the greatest common divisor of q and 88.
11
Let m = 33 + 37. Calculate the highest common factor of m and 10.
10
Suppose 17*u - 1456 = 4*u. Suppose -2*j + 18 + 30 = 3*c, -3*j = 5*c - 79. Calculate the highest common divisor of c and u.
14
Let o = -2 - -4. Suppose -o*i = 5*v - 4, 0*i - 5*i = -3*v + 21. Let f be (-3 - -1)/(v/(-6)). What is the highest common divisor of f and 12?
6
Suppose 5*u = 3*v - 67, 0*v + u + 33 = 2*v. What is the greatest common divisor of 112 and v?
14
Suppose -3*i + 2*v + 8 = 0, -4*i + 3 = 2*v + 11. Suppose -4*l + 0*l + 12 = i. Suppose -33 = -6*n + 57. Calculate the highest common factor of l and n.
3
Suppose -4*y - 4*o = -y - 24, o = 4*y - 51. Let q = -1 + 5. Suppose 0 = -3*r + q + 5. Calculate the highest common divisor of y and r.
3
Let z(f) = f**2 - 4*f - 36. Let v be z(-5). What is the highest common factor of 117 and v?
9
Let f = -3 + -1. Let n be 4*(-14)/f + 1. Suppose 0*q = -q + 75. What is the greatest common factor of n and q?
15
Suppose 0 = -5*h + 5*o + 135, 0*h - 32 = -h + 2*o. Calculate the highest common factor of 2 and h.
2
Suppose 10*l = 4*l + 18. Suppose 8*i = l*i + 15. Calculate the highest common factor of i and 21.
3
Suppose 86 = 4*l - 5*w, l - 6*l - 5*w = -85. What is the greatest common divisor of l and 76?
19
Suppose 2*m - 5*o - 20 = 0, -m = 2*o - 3 - 7. Let t(u) = -u**3 + 5*u**2 + 6*u. Let x be t(5). Calculate the greatest common factor of x and m.
10
Let g = 11 - 7. Suppose 0 = -5*k + g*k + 14. What is the highest common divisor of k and 84?
14
Let k(b) = -4 + 0*b - 2 - 5*b. Let s be k(-6). Let a be (-4)/(-2)*(-6)/(-4). Calculate the greatest common divisor of a and s.
3
Let g(o) = -7*o + 9. Let a(w) = 8*w - 10. Let f(t) = 4*a(t) + 5*g(t). Let l be f(-5). What is the greatest common factor of 140 and l?
20
Suppose -2*a + 2*d = -78, 3*d = -5*a - d + 177. What is the greatest common divisor of a and 296?
37
Let u be (3 - 70/4)*-2. What is the highest common divisor of u and 261?
29
Suppose -6*u - 26 + 98 = 0. Calculate the highest common divisor of u and 3.
3
Let f be (3 - 5)/(0 - 2/11). Calculate the highest common factor of f and 88.
11
Let p = 16 - 10. Suppose p*d + 55 = 11*d. What is the greatest common factor of d and 55?
11
Let f(c) be the third derivative of -47*c**5/60 + c**4/12 + c**3/6 + c**2. Let a be f(-1). Let y = a + 169. What is the highest common factor of 11 and y?
11
Let v = -9 + 13. Let j be 3/(1/4*v). Calculate the highest common divisor of 12 and j.
3
Suppose -5*h + 4*h - 170 = -4*d, -5*h + 10 = 0. Calculate the highest common divisor of d and 215.
43
Let z = 201 + -136. Let f be 22*1 + 8/2. What is the greatest common divisor of f and z?
13
Let q be 0/3 - -1 - -1. What is the highest common factor of 16 and q?
2
Suppose 3*q - 24 = -2*o - o, -2*q = 5*o - 28. Let c = 5 + 11. Let b = c + -4. What is the highest common divisor of o and b?
4
Let j be -18*(6/(-4))/(-3). Let f = j - -23. Let n(c) = 4*c**2 + 5*c - 2. Let z be n(-4). Calculate the greatest common divisor of z and f.
14
Let l(n) = n**2 - 5*n - 7. Let g be l(7). What is the highest common divisor of g and 7?
7
Let m = 27 + -19. Let f(c) = c**2 + 4*c - 5. Let w be f(-7). Calculate the highest common divisor of w and m.
8
Let m(v) = -v + 6. Let u be m(7). Let f be u/((-1)/2*2). Let l(c) = 12*c - 1. Let h be l(f). Calculate the greatest common divisor of 99 and h.
11
Suppose -5 = -w - 0. Suppose -65 - 15 = -4*h. Suppose 34 = z + w*f, -z + h = 3*f - 5*f. Calculate the highest common divisor of z and 60.
12
Let t = 26 + 1. Let r(s) = -5*s - 1. Let l be r(2). Let n = l + 20. What is the greatest common divisor of t and n?
9
Let j = -17 + 33. Suppose -3*i + 129 + 255 = 0. What is the greatest common divisor of j and i?
16
Let o(k) = k**3 - 4*k**2 + 5*k - 3. Let b be o(3). Let j(h) = 0 - 9 + 2*h - h + b*h. Let a be j(6). What is the highest common divisor of a and 165?
15
Suppose 2*c + 0*r - 4*r = 110, c - 56 = r. What is the highest common divisor of 114 and c?
57
Suppose -p + 112 = p. Suppose p = u - 268. Suppose 2*x = -5*i + 148, 0 = 3*x - 4*i + 56 - u. What is the greatest common factor of 12 and